f -23*s**2/2 - 4*s + 29. Calculate the remainder when y(-3) is divided by 33.
32
Let l = -24 - -33. Let b be ((-228)/18)/((-2)/3). Suppose v = 4, -q - 2*v + b = -v. Calculate the remainder when q is divided by l.
6
Let h = 31 + -32. Let p(d) = -16*d - 4. Calculate the remainder when 55 is divided by p(h).
7
Let b = 114 - 99. Suppose 9*d = 48 + b. Let a(l) = -l**3 + 6*l**2 - 3*l + 2. Calculate the remainder when a(3) is divided by d.
6
Suppose 3*d - 12 = 5*k, -17*k = -5*d - 22*k + 60. What is the remainder when 87 is divided by d?
6
Let c(n) = 3*n**2 + 48*n - 114. Calculate the remainder when c(-27) is divided by 78.
75
Suppose 0 = 3*m + 6 - 21, -2*b - 31 = -3*m. Calculate the remainder when (90/(-6))/(6/b) is divided by 8.
4
Let b = 213 + -46. Calculate the remainder when b is divided by 48.
23
Let l(b) = b**2 - 5*b - 5. Let n be l(11). Suppose 5*p = -5*o + 125, 2*p + 5 - n = -4*o. Calculate the remainder when 130 is divided by p.
20
Let o(k) be the third derivative of -k**4/8 + k**3/2 + 6*k**2. Let y = -1 - 2. What is the remainder when 20 is divided by o(y)?
8
Let o(m) = m**3 + 9*m**2 + 3*m - 11. Let r be o(-8). Let i = r - -32. What is the remainder when i is divided by 32?
29
Let s be (-2079)/91 + (-4)/26. Calculate the remainder when 5 - (-3 - -8) - s is divided by 9.
5
Let l be 39/(-6)*-2 + -1. Suppose -l = -f - 10. Calculate the remainder when -5 + 16 + 2*f is divided by 9.
6
Let i = -236 - -143. Let u = i - -175. What is the remainder when u is divided by 17?
14
Let y = -45 - -55. Let f(t) = -t**3 + 11*t**2 - 7*t - 4. What is the remainder when 4/(-2) + 54 + -2 is divided by f(y)?
24
Let u(l) = 3*l**2 + 2*l. Calculate the remainder when 96 is divided by u(-3).
12
Let z(i) = i + 18. Suppose -2*r - 3 = -19. What is the remainder when z(r) is divided by -3*(0 - 14/6)?
5
Let r(j) be the first derivative of -j**4/4 + 10*j**3/3 + 6*j**2 - 6*j + 2. Suppose -8*n = -29 - 59. Calculate the remainder when 7 is divided by r(n).
2
Let l = -217 - -220. Let b be (-14)/(-4) + (-2)/4. Suppose l*m = -2*k + 108, b*k = -6*m + 2*m + 145. What is the remainder when m is divided by 9?
7
Suppose 0 = 4*y + 51 - 195. Let x = 52 - y. What is the remainder when 56 is divided by x?
8
Suppose -24*v + 56 = -10*v. What is the remainder when 20 is divided by v?
0
Suppose -5*y = -3*y + 46. Calculate the remainder when 32 is divided by 6/(-12)*(y + 1).
10
Suppose a + 0*g = -4*g + 13, 2*a + 5*g = 14. Let c = 6 + a. Calculate the remainder when 10 is divided by c.
1
Let p(b) = 10*b - 15*b + 7*b - 22. Calculate the remainder when 15 is divided by p(14).
3
Let o(b) = 11*b - 192. What is the remainder when o(23) is divided by 4?
1
Suppose 2*g - 30 = 4*g. What is the remainder when (-90)/g*11/2 is divided by 7?
5
Let c = 1379 + -1325. Suppose -5*s = -2*o + 13, 3*s - o = -s - 8. What is the remainder when c is divided by (-1 - -29)/(s - -2)?
26
Suppose 37*y = 315 + 351. Suppose 27 = 2*w - 29. Calculate the remainder when w is divided by y.
10
Let m(o) = -2*o**2 + o + 5. Let a be m(0). Suppose v = 3*v, 3*j = -a*v + 90. Calculate the remainder when j is divided by 8.
6
Let k(s) = s**3 - 10*s**2 - 11*s + 11. Let t(x) = -x**2 - 7*x - 3. Let h be t(-8). Let n be (3 - 0)*h/(-3). Calculate the remainder when k(n) is divided by 6.
5
Let p be -55*((-8)/(-20))/(-1). Let l = 43 - p. What is the remainder when 60 is divided by l?
18
Let d(x) = -83 - x + 0*x + 85. Let w be d(1). Suppose 4*b + 0*l - l - 23 = 0, 2*b - 3*l = -w. Calculate the remainder when b is divided by 3.
1
Suppose 4*k + 4*z = 6*k - 152, -3*z = -3. Let l(j) = 4*j**2 + j + 2. What is the remainder when k is divided by l(-2)?
14
Suppose 0 = -4*x + 100 - 0. Let n = x - 15. Suppose 0 = 4*u + 2*s - n, 4*u + 6 = 3*s + 41. Calculate the remainder when u is divided by 2.
1
Let p(k) = 6*k**2 - 5*k + 3. Let a be p(3). Let x = a + 28. What is the remainder when x is divided by 9?
7
Let w(m) = -5*m + 3. Let i be w(3). Let k be 2/5 + i/5. Calculate the remainder when 19 is divided by 1/2 - 21/k.
8
Let t(s) = -8*s + 174. What is the remainder when (-89)/((-2 - 1) + 2) is divided by t(18)?
29
Let r = 322 - 175. Calculate the remainder when r is divided by 50.
47
Let l(p) = -2509*p**2 + 3 - 5*p + p**3 + 2504*p**2 - 3. Suppose 3*s + 4*d - d = 33, -3*d = s - 3. Calculate the remainder when s is divided by l(6).
3
Let z(p) = p**3 + 5*p**2 - 7*p - 16. Let y be z(-5). Let b(k) = k**3 - 19*k**2 + k + 13. Calculate the remainder when 61 is divided by b(y).
29
Let x(g) be the first derivative of -13*g**2/2 + g + 3. Let i be x(6). Let u = -46 - i. What is the remainder when u is divided by 17?
14
Let h be (-2)/4*6 + 253. Suppose -166 - h = -4*m. Suppose 0 = 5*s, -4*k - m = -8*k - 4*s. What is the remainder when 51 is divided by k?
25
Calculate the remainder when 67 is divided by (-12)/2 + (2 - -37).
1
Let b be -5 - -3*(-1 - 0). What is the remainder when 70 is divided by b + 3 - -4 - -10?
7
Let x be -75*(-4 - 52/(-12)). Let z = -15 - x. What is the remainder when z is divided by 38/(-19) - (-1 + -7)?
4
Suppose 3*l + 44 = -l. Let m = -9 - l. Suppose m*j - 47 = 29. What is the remainder when j is divided by 20?
18
Suppose 2*j - 691 = -4*b - 3*j, 0 = -3*b + 3*j + 552. Calculate the remainder when b is divided by 23.
18
What is the remainder when (164 - (-7 - -1)) + 0 is divided by 28?
2
Suppose -2*b + 61 = 3*n - 3*b, 2*b = 4. Suppose 0 = n*z - 23*z + 82. Calculate the remainder when z is divided by 14.
13
Let z be 4/14 + 2673/77. Suppose -3*c + z = -2*v, 3*c = -0*v - 4*v + 47. Calculate the remainder when 38 is divided by c.
12
Suppose -3*f = -2*f - 2. Let s = f - -1. What is the remainder when (4/(-16))/(s/(-156)) is divided by 8?
5
Suppose 3*p + n = -28, -3*p - 42 = 2*p + 4*n. What is the remainder when 74 is divided by 27 + (-3)/(-1 - p/4)?
24
Let o = -159 + 161. Suppose -a - 38 = -o*a. What is the remainder when 130 is divided by a?
16
Let u(y) = -52*y - 5 + 22*y + 9*y. What is the remainder when u(-4) is divided by 41?
38
Suppose -22*w = -14*w + 328. Let y = 59 + w. Let j(n) = -n**3 + 8*n**2 + n - 5. What is the remainder when j(7) is divided by y?
15
Let z be 2/3 - 35/(-15). Suppose 0 = -x - z*x - 4. Let w = x + 25. What is the remainder when 70 is divided by w?
22
Let t = -423 - -489. What is the remainder when t is divided by 28?
10
Let c = 102 - 73. What is the remainder when c is divided by 17?
12
Let n(g) = -g + 5. Let r be n(-6). Suppose -6*h = -r*h + 10. Suppose -12 = -2*p - h*p. What is the remainder when 6 is divided by p?
0
Suppose 0 = -5*s + 3*s, -5*s = -4*n + 1648. Suppose 0 = -5*t - 2*a + n, -3*t = 2*a - 5*a - 243. Calculate the remainder when t is divided by 22.
16
Suppose -2*z - 3*h = -0*z + 3, -5*z + h + 35 = 0. Suppose 65 = z*k - 361. Calculate the remainder when k is divided by 8.
7
Suppose 0*q + 74 = 2*q. Let w(m) = -2*m**2 - 75*m + 226. Calculate the remainder when w(-39) is divided by q.
35
Let w = 121 - 109. Let r(j) = -j**2 + 20*j - 45. Calculate the remainder when r(w) is divided by 6.
3
Suppose 0*f = 5*f - 4*u - 100, -22 = -2*f - 2*u. Let l = 54 - f. What is the remainder when 74 is divided by l?
36
Suppose 0 = 3*v - 267 + 54. Suppose -16 = 4*o, -3*q + 2*o + v = -0*q. Let k = 27 - q. What is the remainder when k is divided by 2?
0
Let p be (6/6)/((-2)/(-119 - -3)). Suppose 0*m + 2*m = p. Calculate the remainder when 172 is divided by m.
27
Let m(b) = b**3 + 16*b**2 + 20*b - 127. Calculate the remainder when m(-12) is divided by 18.
11
Let r(y) = 9*y - 5. Suppose 0 = -5*u - 0*u + 10. Let l be (-5)/u*(-6)/5. Calculate the remainder when r(l) is divided by 12.
10
Let m(d) = 36*d - 19. Let h(i) = -7*i + 4. Let b(c) = 11*h(c) + 2*m(c). What is the remainder when b(-5) is divided by 17?
14
Let k(d) = -d**3 + 4*d**2 - 2*d - 2. Let m be k(4). What is the remainder when 43 is divided by ((-12)/m)/(12/200) + 2?
21
What is the remainder when 87 - (-11)/((-66)/(-12)) - 2 is divided by 19?
11
Suppose -t - 3*v + 17 = 2*v, -4*t = -3*v + 24. Let h(j) = -8*j - 8. What is the remainder when 45 is divided by h(t)?
13
Let o = 273 + -262. What is the remainder when o is divided by 4?
3
Suppose 6*i - 12*i + 342 = 0. Let o = i - 11. Calculate the remainder when o is divided by 7.
4
Suppose 3*k + k = -v - 44, 32 = -3*k - v. Let z be (-2 